 3*o + 10*o + 7*o - 20 - 50*o**2. Determine g(13).
-7
Let u(v) = -4*v**2 + 5*v. Let n = 7 - 4. Let p(r) = r**2 - r. Let f(g) = n*p(g) + u(g). Suppose k + 4*c = 4, -3*c - 27 = 3*k - 39. Give f(k).
-8
Let z(c) = c**2 + 8*c - 6. Suppose -4*l + 72*l = -272. Determine z(l).
-22
Suppose -2*w + 4*f + 1 - 29 = 0, 7 = 2*w + 3*f. Let j(v) = -v**3 - 3*v**2 + 3*v + 6. Give j(w).
10
Let t(f) = -f**2 - f - 1. Let y(j) = 7*j**2 + 4*j + 5. Let b(z) = 6*t(z) + y(z). Suppose 22*l = 19*l + 15. Give b(l).
14
Let o(l) be the third derivative of -l**5/120 - 5*l**3 - 15*l**2. Let h(v) be the first derivative of o(v). Determine h(-7).
7
Let c(m) = -m**3 + 2*m**2 + 3*m - 2. Let g be c(3). Let r = g - 15. Let b(h) = -h**2 - 16*h + 18. Let y be b(r). Let q(w) = -4*w - 1. Determine q(y).
-5
Let l be 6 - 4 - (-130)/(-143)*11. Let n(i) = -i**2 - 2*i + 1 + i - 9*i. Give n(l).
17
Let c(o) be the first derivative of o**3/3 + o**2 + 77. Give c(-4).
8
Let b(n) be the second derivative of n**3/6 + 7*n**2 - 575*n. Calculate b(-9).
5
Let v(d) = -6*d**3 - 3*d**2 - d + 4. Let z(q) = 7*q**3 + 3*q**2 + 2*q - 5. Let h(n) = 5*v(n) + 4*z(n). Calculate h(-3).
18
Let d(q) = 7*q - 3. Let o(m) = -5*m - 36. Let w be o(-6). Let j(y) = 2*y - 1. Let v(k) = w*j(k) + d(k). Determine v(-4).
23
Let h(a) = -a**3 + 2*a**2 - a + 1. Let m be h(1). Suppose v + 0 = -m. Let s(o) be the second derivative of 2*o**3/3 + o**2/2 + 52*o. Give s(v).
-3
Suppose -65*q - 147 - 438 = 0. Let l(h) = -h**3 - 9*h**2 + 7. Let d(k) = -1. Let g(c) = -4*d(c) - l(c). What is g(q)?
-3
Let t(u) be the second derivative of u**3/6 - 2*u**2 + 16*u - 4. Determine t(2).
-2
Let o(a) be the first derivative of -a**3/3 - 3*a**2 - 9*a + 135. Determine o(-6).
-9
Let h(t) be the first derivative of 2*t**3 + 1/2*t**2 - 1/4*t**4 + 3 - 5*t. Let g be h(6). Let s(m) = m**2 - 1. Give s(g).
0
Let d(i) = 1023*i - 11 - 1013*i + i**2 + 21. Give d(-5).
-15
Let x = -16 - -9. Let n(s) be the first derivative of -s**4/4 - 8*s**3/3 - 3*s**2 + 7*s + 147. Calculate n(x).
0
Let i(a) be the third derivative of a**5/60 + 5*a**4/12 - a**3/3 + 122*a**2 - 3*a. What is i(-11)?
9
Let p(i) = -i**3 + 8*i**2 + 7*i - 9. Let v be p(9). Let j = 36 + v. Let d = j - 14. Let s(f) = -f**3 - 6*f**2 - 3*f + 5. Give s(d).
-5
Let v(w) = w**3 - 5*w**2 + 3*w + 7. Suppose -o - 8 = -2*x, 0*x + 3*x = 4*o + 12. Determine v(x).
3
Let x(y) = 10*y**2 + 7*y + 2. Let k(t) = -t**2 - 3*t. Let s(n) = -k(n) - x(n). Determine s(-2).
-30
Let g be 7 - 7 - (-4 - (-2)/2). Let v(a) = a**2 + a - 1. Let i(r) = -r**2 - 2*r + 1. Let z(x) = g*v(x) + 4*i(x). Determine z(-6).
-5
Let k = -1273 + 1267. Let t(y) = -7*y - 6. Let r(a) = 6*a + 6. Let p(w) = -6*r(w) - 5*t(w). Determine p(k).
0
Let r(b) be the first derivative of -5*b**2/2 + 3*b - 65. Calculate r(-4).
23
Let q(m) = 4*m - 61. Let r be q(17). Let y(t) = 2*t - 7 + 17 - 3*t. Determine y(r).
3
Let f(b) = -b + 3. Let z(d) be the second derivative of -d**4/6 + 4*d**3/3 - d**2/2 + 17*d. Let h be z(2). Determine f(h).
-4
Let d be (89/(-3))/((-19)/57). Let h = d - 41. Suppose -5*u + 4*y = 39, 2*y - h = 5*u - 11. Let a(t) = t + 3. What is a(u)?
-4
Let u be 0 + ((-4)/(-2) - 2). Let a(i) = i + 199*i**2 - 404*i**2 - 12 + 206*i**2. Give a(u).
-12
Let p(b) = b**3 + b**2 + 5. Let v(i) = i**3 - 3*i**2 - 11*i - 46. Let z be v(6). What is p(z)?
-43
Let o(g) = 2*g - 14. Let w = 19 + -8. Let p be o(w). Let q(h) = 1 - 2 + h + 8 - p. Calculate q(4).
3
Let p(k) = k**2 + 3*k - 5. Let c = 28 + 53. Suppose -4*m = -m - c. Let f be 16/6*m/(-12). What is p(f)?
13
Let i(p) = -86 + 198 + 3*p - 92. Calculate i(-10).
-10
Let j(s) be the third derivative of -s**5/60 - s**4/24 + s**3/2 + 175*s**2. Suppose -3 = -2*b + b. Determine j(b).
-9
Let g be 2 - 9 - (-30 - -20). Let h(w) = -5*w**3 + 10*w**2 + 21*w + 10. Let c(y) = -y**3 + 2*y**2 + 4*y + 2. Let s(m) = 11*c(m) - 2*h(m). Give s(g).
-1
Let w(l) be the third derivative of l**6/120 - 11*l**5/60 + l**4/24 - 3*l**3/2 - 75*l**2. Determine w(11).
2
Let j(t) = 12*t + 7. Let g be j(-3). Let b = g - -28. Let z(k) = -12*k**3 - k**2 + k + 1. Give z(b).
11
Let o(w) = -6*w**3 + 2*w**2 - 1. Let c be o(-1). Let g(v) be the third derivative of -3/8*v**4 + 1/60*v**5 + 32*v**2 + 0 + 4/3*v**3 + 0*v. What is g(c)?
-6
Let b(h) = -h**2 - h + 2. Let l(d) = d**2 - 2. Let v(w) = 6*b(w) + 7*l(w). Give v(6).
-2
Let d(q) = -3*q - 1. Let s be d(-1). Let x be (s/3)/((-1)/(-3)). Suppose 3*g = 3*n + x*n - 25, -3*g - n = 13. Let b(i) = i. Determine b(g).
-5
Let b(r) = -r**2 - 12*r + 8. Let v(y) = -8*y**2 - 3*y + 3. Let w be v(1). Give b(w).
40
Let s(b) = 2*b**2 - 40*b + 69. Let x be s(18). Let m(l) = l**3 + 7*l**2 + 3*l + 7. Calculate m(x).
34
Let m(c) = c**3 + 15*c**2 - 5*c - 18. Let b(x) = x + 2. Let t(g) = 4*b(g) + m(g). Give t(-15).
5
Let t(w) = -2*w**2 + 1. Let o be (-10)/3*(-24)/(-20). Let p be ((-3)/6 + 0)*o. Suppose -d + 5 = -h, p*d + 0*d + 5*h = -11. Give t(d).
-7
Suppose 11*p = 878 + 409. Suppose 8*i = -5*i + p. Let z(f) = f**3 - 10*f**2 + 11*f - 12. Calculate z(i).
6
Let i(p) be the second derivative of p**8/6720 + p**7/504 - p**6/180 - p**5/60 - 2*p**4/3 + 28*p. Let q(z) be the third derivative of i(z). What is q(-6)?
-14
Suppose 5*i - 2*p - 23 = 0, 4*p + 11 = -3*i - p. Suppose x = 4*b - 6*b - i, 15 = 2*x - 3*b. Let z(l) = -l**2 + 6*l + 3. Calculate z(x).
12
Let x(v) = v**2 + 10*v - 48. Let d be x(-15). Let s = d + -25. Let p(g) = g. What is p(s)?
2
Let x(a) = -6*a + 3*a + 2*a - a**2. Let l(z) = -7*z + 28. Let k be l(4). Give x(k).
0
Let w be ((-14)/10 - -1)*-5. Suppose -5*g + p - 2 = 0, 0 = 5*g + p - w. Suppose -4*y = 2*c + 5 - 1, 4*y - 4*c - 20 = g. Let m(q) = -3*q - 1. Calculate m(y).
-4
Let m(h) be the first derivative of h**5/120 - h**4/6 - 5*h**3/3 + 2. Let w(y) be the third derivative of m(y). Suppose 4 - 16 = 4*a. Calculate w(a).
-7
Let b = -589 + 596. Let r(l) be the second derivative of -l**4/12 + 3*l**3/2 - 7*l**2 + l. Let q be r(b). Let w(z) = -z - 8. Calculate w(q).
-8
Let l(m) = -5*m**2 + 10*m + 4. Let k(g) = 14*g**2 - 29*g - 12. Let x(c) = -6*k(c) - 17*l(c). Calculate x(-5).
9
Let w(o) be the first derivative of o**6/360 + 7*o**5/120 - 13*o**3/3 + 6. Let k(i) be the third derivative of w(i). Determine k(-6).
-6
Let g(t) be the third derivative of -13*t**5/30 + t**3/6 - t**2 - 158. Give g(-1).
-25
Let k = 4 + -4. Let n(x) = 8 - 114*x + k + 115*x. Determine n(7).
15
Let n(k) = -k**2 - k + 1. Suppose 68*i + 41 = -95. Determine n(i).
-1
Let f(l) = -1 - 5*l + 4*l - 3. Let a(c) be the second derivative of -c**3/3 + 25*c**2/2 - 14*c. Let b be a(11). Determine f(b).
-7
Let p(r) = -2*r**2 + r + 68 + 0*r**2 + 2*r**2 - 51 + r**2. Give p(0).
17
Let o(q) = 2*q**3 + 90*q**2 + 170*q - 93. Let t be o(-43). Let a(v) = -1. Let c(p) = -p - 10. Let u = -1 + 0. Let s(j) = u*c(j) + 4*a(j). Calculate s(t).
-1
Let m(o) = o**2 + 8*o + 13. Let v(s) = 9*s**2 - 23*s + 4. Let q be v(2). Determine m(q).
1
Let z(h) be the second derivative of 1/20*h**5 - 1/2*h**3 + 24*h + 1/3*h**4 - h**2 + 0. Let w = -13 + 8. Give z(w).
-12
Suppose 10*a = -7*a - 612. Let t = a + 30. Let f(u) = u + 1. Determine f(t).
-5
Let t = -28 - -25. Let d be (t - (-9)/2) + (-46)/4. Let k(f) = -f**2 - 10*f + 1. What is k(d)?
1
Let l(m) be the third derivative of m**5/60 - 5*m**4/24 + 5*m**3/3 - 50*m**2. What is l(6)?
16
Let o(f) = 62 - 32 - 2*f - 31 - 4*f + 4*f. Determine o(2).
-5
Suppose 5*y = 0, 2*r = y - 0*y - 6. Suppose 4*h - 4*s = -6*s + 4, 3*h + 4*s = -7. Let v(c) = 4*c**2 + 10*c**3 - 6*c**3 + h*c + 3 - 3*c**3. Calculate v(r).
3
Let a(z) = -z + 4. Let x be (-51)/34 + 1/(-2). Determine a(x).
6
Let i be 6/2 + 10 + -10. Suppose -4*k = -3*r, i*k - 4*r + 7*r = 0. Suppose k = 2*d - 3 + 15. Let l(f) = f**3 + 7*f**2 + 5*f + 1. Determine l(d).
7
Let w(c) = c + 5. Suppose 8*t = 3*t. Suppose t = -d - d. Calculate w(d).
5
Let r(a) = -a**3 + 6*a**2 - 5*a - 3. Let b = -17 + 17. Suppose -6*x - 18 + 48 = b. Determine r(x).
-3
Let r(o) = 1151*o - 3*o**2 + 1142*o + 21 + 4*o**2 - 2284*o. Calculate r(-7).
7
Let q(j) = 6*j + j**3 + 5*j + 11*j**2 - j + 5. Suppose 0 = -2*f + 4*f - 8, -3*m - 50 = -5*f. Calculate q(m).
5
Suppose -10 = -5*d + 15. Let u(l) = l**2 - 3 - d*l**2 + 2. Suppose -35*k - 7 = -j - 38*k, 0 = 10*k - 20. Give u(j).
-5
Let v(s) = -2*s**2 + 11*s + 1. Let m = -27 + 33. Calculate v(m).
-5
Let 